{"id":43,"date":"2014-11-20T19:46:05","date_gmt":"2014-11-20T18:46:05","guid":{"rendered":"http:\/\/wp.landgasthof-kaiser.de\/?page_id=43"},"modified":"2025-10-31T13:55:47","modified_gmt":"2025-10-31T12:55:47","slug":"tagungen","status":"publish","type":"page","link":"https:\/\/landgasthof-kaiser.de\/?page_id=43","title":{"rendered":"Tagungen"},"content":{"rendered":"<p><img loading=\"lazy\" decoding=\"async\" data-attachment-id=\"368\" data-permalink=\"https:\/\/landgasthof-kaiser.de\/?attachment_id=368\" data-orig-file=\"https:\/\/landgasthof-kaiser.de\/wp-content\/uploads\/2014\/11\/tagungklein.jpg\" data-orig-size=\"300,225\" data-comments-opened=\"0\" data-image-meta=\"{&quot;aperture&quot;:&quot;0&quot;,&quot;credit&quot;:&quot;&quot;,&quot;camera&quot;:&quot;&quot;,&quot;caption&quot;:&quot;&quot;,&quot;created_timestamp&quot;:&quot;0&quot;,&quot;copyright&quot;:&quot;&quot;,&quot;focal_length&quot;:&quot;0&quot;,&quot;iso&quot;:&quot;0&quot;,&quot;shutter_speed&quot;:&quot;0&quot;,&quot;title&quot;:&quot;&quot;,&quot;orientation&quot;:&quot;1&quot;}\" data-image-title=\"Tagungen\" data-image-description=\"\" data-image-caption=\"\" data-medium-file=\"https:\/\/landgasthof-kaiser.de\/wp-content\/uploads\/2014\/11\/tagungklein.jpg\" data-large-file=\"https:\/\/landgasthof-kaiser.de\/wp-content\/uploads\/2014\/11\/tagungklein.jpg\" class=\"alignleft size-full wp-image-368\" src=\"http:\/\/landgasthof-kaiser.de\/wp-content\/uploads\/2014\/11\/tagungklein.jpg\" alt=\"\" width=\"300\" height=\"225\" \/>Im Landgasthof Kaiser haben Sie die M\u00f6glichkeit Seminare und Tagungen mit bis zu 190\u00a0Personen durchzuf\u00fchren.<br \/>\nDazu stehen Ihnen mehrere R\u00e4ume, die gesamte Haustechnik und moderne Medien zur Verf\u00fcgung.<\/p>\n<p>Unter dem Men\u00fcpunkt\u00a0<a href=\"http:\/\/wp.landgasthof-kaiser.de\/?page_id=57\">R\u00e4umlichkeiten<\/a> finden Sie\u00a0die verschiedenen\u00a0Raumvariationen.<br \/>\nWeitere Informationen erhalten Sie auch in unserer Brosch\u00fcre.<\/p>\n<p><strong>Haustechnik:<\/strong><\/p>\n<p>Musikanlage<br \/>\nmobile Mikrofone<br \/>\nHeadsets\u00a0<em>(auf Anfrage)<\/em><br \/>\nBeamer (3)<br \/>\nmobile Leinw\u00e4nde (4)<br \/>\nOverhead-Projektor<br \/>\nDVD-Player<br \/>\nmobile B\u00fchne bis 30m\u00b2\u00a0<em>(auf Anfrage)<\/em><br \/>\nRednerpult<br \/>\nInternetverbindung WLAN<\/p>\n","protected":false},"excerpt":{"rendered":"<p>Im Landgasthof Kaiser haben Sie die M\u00f6glichkeit Seminare und Tagungen mit bis zu 190\u00a0Personen durchzuf\u00fchren. Dazu stehen Ihnen mehrere R\u00e4ume, die gesamte Haustechnik und moderne Medien zur Verf\u00fcgung. Unter dem Men\u00fcpunkt\u00a0R\u00e4umlichkeiten finden Sie\u00a0die verschiedenen\u00a0Raumvariationen. Weitere Informationen erhalten Sie auch in unserer Brosch\u00fcre. Haustechnik: Musikanlage mobile Mikrofone Headsets\u00a0(auf Anfrage) Beamer (3) mobile Leinw\u00e4nde (4) Overhead-Projektor DVD-Player [&hellip;]<\/p>\n","protected":false},"author":1,"featured_media":0,"parent":0,"menu_order":0,"comment_status":"closed","ping_status":"closed","template":"","meta":{"jetpack_post_was_ever_published":false,"footnotes":""},"class_list":["post-43","page","type-page","status-publish","hentry"],"jetpack_sharing_enabled":true,"jetpack_shortlink":"https:\/\/wp.me\/P5mXGz-H","_links":{"self":[{"href":"https:\/\/landgasthof-kaiser.de\/index.php?rest_route=\/wp\/v2\/pages\/43","targetHints":{"allow":["GET"]}}],"collection":[{"href":"https:\/\/landgasthof-kaiser.de\/index.php?rest_route=\/wp\/v2\/pages"}],"about":[{"href":"https:\/\/landgasthof-kaiser.de\/index.php?rest_route=\/wp\/v2\/types\/page"}],"author":[{"embeddable":true,"href":"https:\/\/landgasthof-kaiser.de\/index.php?rest_route=\/wp\/v2\/users\/1"}],"replies":[{"embeddable":true,"href":"https:\/\/landgasthof-kaiser.de\/index.php?rest_route=%2Fwp%2Fv2%2Fcomments&post=43"}],"version-history":[{"count":15,"href":"https:\/\/landgasthof-kaiser.de\/index.php?rest_route=\/wp\/v2\/pages\/43\/revisions"}],"predecessor-version":[{"id":2762,"href":"https:\/\/landgasthof-kaiser.de\/index.php?rest_route=\/wp\/v2\/pages\/43\/revisions\/2762"}],"wp:attachment":[{"href":"https:\/\/landgasthof-kaiser.de\/index.php?rest_route=%2Fwp%2Fv2%2Fmedia&parent=43"}],"curies":[{"name":"wp","href":"https:\/\/api.w.org\/{rel}","templated":true}]}}