{"id":212,"date":"2014-11-27T20:02:57","date_gmt":"2014-11-27T19:02:57","guid":{"rendered":"http:\/\/wp.landgasthof-kaiser.de\/?page_id=212"},"modified":"2021-06-27T13:14:32","modified_gmt":"2021-06-27T12:14:32","slug":"salate-mehr","status":"publish","type":"page","link":"https:\/\/landgasthof-kaiser.de\/?page_id=212","title":{"rendered":"Speisekarte"},"content":{"rendered":"<h1 style=\"text-align: center;\"><em>Salate &amp; Mehr<\/em><\/h1>\n<p style=\"text-align: center;\"><em>***<\/em><\/p>\n<p style=\"text-align: center;\"><em><strong>mittlerer Salatteller<\/strong><\/em><\/p>\n<p style=\"text-align: center;\"><em><strong>gro\u00dfer Salatteller<\/strong><\/em><\/p>\n<p style=\"text-align: center;\"><em>dazu reichen wir gerne:<br \/>\n<\/em><em>K\u00e4se, Ei (vegetarisch)<br \/>\n<\/em><em>K\u00e4se, Kochschinken<\/em><br \/>\n<em>Thunfisch, Ei<br \/>\nH\u00e4hnchenbruststreifen<\/em><br \/>\n<em>Garnelen Kartoffelnest<\/em><\/p>\n<p style=\"text-align: center;\"><em>***<\/em><\/p>\n<p style=\"text-align: center;\"><em><strong>Gem\u00fcseauflauf<\/strong><\/em><br \/>\n<em>mit Kartoffeln<\/em><br \/>\n<em>Sahnek\u00e4se \u00fcberbacken<br \/>\n(vegetarisch)<br \/>\n<\/em><\/p>\n<p style=\"text-align: center;\"><em>***<\/em><\/p>\n<p style=\"text-align: center;\"><strong><em>Fr\u00fchlingsrollen<\/em><\/strong><br \/>\n<em>Salza-Dip und Salat<br \/>\n(vegan)<br \/>\n<\/em><\/p>\n<p style=\"text-align: center;\"><strong><em>***<\/em><\/strong><\/p>\n<p style=\"text-align: center;\"><strong><em>Salat mit Couscoust\u00f6rtchen<\/em><\/strong><br \/>\n<em>und Salza-Dip<br \/>\n(vegan)<br \/>\n<\/em><\/p>\n<p style=\"text-align: center;\"><strong><em>***<\/em><\/strong><\/p>\n<p style=\"text-align: center;\"><strong><em>Gem\u00fcsetaler Bombay<\/em><\/strong><br \/>\n<em>Reis und Salat<br \/>\n(vegan)<br \/>\n<\/em><\/p>\n","protected":false},"excerpt":{"rendered":"<p>Salate &amp; Mehr *** mittlerer Salatteller gro\u00dfer Salatteller dazu reichen wir gerne: K\u00e4se, Ei (vegetarisch) K\u00e4se, Kochschinken Thunfisch, Ei H\u00e4hnchenbruststreifen Garnelen Kartoffelnest *** Gem\u00fcseauflauf mit Kartoffeln Sahnek\u00e4se \u00fcberbacken (vegetarisch) *** Fr\u00fchlingsrollen Salza-Dip und Salat (vegan) *** Salat mit Couscoust\u00f6rtchen und Salza-Dip (vegan) *** Gem\u00fcsetaler Bombay Reis und Salat (vegan)<\/p>\n","protected":false},"author":1,"featured_media":0,"parent":0,"menu_order":0,"comment_status":"closed","ping_status":"closed","template":"","meta":{"jetpack_post_was_ever_published":false,"footnotes":""},"class_list":["post-212","page","type-page","status-publish","hentry"],"jetpack_sharing_enabled":true,"jetpack_shortlink":"https:\/\/wp.me\/P5mXGz-3q","_links":{"self":[{"href":"https:\/\/landgasthof-kaiser.de\/index.php?rest_route=\/wp\/v2\/pages\/212","targetHints":{"allow":["GET"]}}],"collection":[{"href":"https:\/\/landgasthof-kaiser.de\/index.php?rest_route=\/wp\/v2\/pages"}],"about":[{"href":"https:\/\/landgasthof-kaiser.de\/index.php?rest_route=\/wp\/v2\/types\/page"}],"author":[{"embeddable":true,"href":"https:\/\/landgasthof-kaiser.de\/index.php?rest_route=\/wp\/v2\/users\/1"}],"replies":[{"embeddable":true,"href":"https:\/\/landgasthof-kaiser.de\/index.php?rest_route=%2Fwp%2Fv2%2Fcomments&post=212"}],"version-history":[{"count":8,"href":"https:\/\/landgasthof-kaiser.de\/index.php?rest_route=\/wp\/v2\/pages\/212\/revisions"}],"predecessor-version":[{"id":1495,"href":"https:\/\/landgasthof-kaiser.de\/index.php?rest_route=\/wp\/v2\/pages\/212\/revisions\/1495"}],"wp:attachment":[{"href":"https:\/\/landgasthof-kaiser.de\/index.php?rest_route=%2Fwp%2Fv2%2Fmedia&parent=212"}],"curies":[{"name":"wp","href":"https:\/\/api.w.org\/{rel}","templated":true}]}}

<h1 style="text-align: center;"><em>Salate &amp; Mehr</em></h1>
<p style="text-align: center;"><em>***</em></p>
<p style="text-align: center;"><em><strong>mittlerer Salatteller</strong></em></p>
<p style="text-align: center;"><em><strong>großer Salatteller</strong></em></p>
<p style="text-align: center;"><em>dazu reichen wir gerne:<br />
</em><em>Käse, Ei (vegetarisch)<br />
</em><em>Käse, Kochschinken</em><br />
<em>Thunfisch, Ei<br />
Hähnchenbruststreifen</em><br />
<em>Garnelen Kartoffelnest</em></p>
<p style="text-align: center;"><em>***</em></p>
<p style="text-align: center;"><em><strong>Gemüseauflauf</strong></em><br />
<em>mit Kartoffeln</em><br />
<em>Sahnekäse überbacken<br />
(vegetarisch)<br />
</em></p>
<p style="text-align: center;"><em>***</em></p>
<p style="text-align: center;"><strong><em>Frühlingsrollen</em></strong><br />
<em>Salza-Dip und Salat<br />
(vegan)<br />
</em></p>
<p style="text-align: center;"><strong><em>***</em></strong></p>
<p style="text-align: center;"><strong><em>Salat mit Couscoustörtchen</em></strong><br />
<em>und Salza-Dip<br />
(vegan)<br />
</em></p>
<p style="text-align: center;"><strong><em>***</em></strong></p>
<p style="text-align: center;"><strong><em>Gemüsetaler Bombay</em></strong><br />
<em>Reis und Salat<br />
(vegan)<br />
</em></p>

<p>Salate &amp; Mehr *** mittlerer Salatteller großer Salatteller dazu reichen wir gerne: Käse, Ei (vegetarisch) Käse, Kochschinken Thunfisch, Ei Hähnchenbruststreifen Garnelen Kartoffelnest *** Gemüseauflauf mit Kartoffeln Sahnekäse überbacken (vegetarisch) *** Frühlingsrollen Salza-Dip und Salat (vegan) *** Salat mit Couscoustörtchen und Salza-Dip (vegan) *** Gemüsetaler Bombay Reis und Salat (vegan)</p>
